
-16
Let n(i) be the second derivative of 0 - 1/6*i**4 - 1/3*i**3 - 3*i**2 - 1/60*i**5 - 5*i. Let k(x) be the first derivative of n(x). Determine k(-5).
-7
Suppose -o - 4*o = -4*a + 10, -2*o = a - 9. Let r(d) = -4*d + 7*d - d**2 - 835 + 836 - 2*d. Calculate r(o).
-1
Suppose 3*k - 5*v + 1 = 0, -v = v + 2. Let u be 4/k - (-9 - -8). Let z be 1*2 + 1/u. Let g(x) = -3*x**3 + 2*x - 1. What is g(z)?
-2
Let a(i) = -i**2 + 2*i + 23. Let c(k) = 3*k**2 - 5*k - 64. Let r(p) = 8*a(p) + 3*c(p). What is r(-4)?
4
Let v(f) = 4*f**2 + 4*f. Let z be (-1 + 2)/((-1)/4). Let n(m) = 3*m**2 + 3*m - 1. Let h(r) = z*v(r) + 5*n(r). Determine h(-4).
-17
Let j(l) = -l**3 - 8*l**2 - 5*l + 6. Let m be j(-6). Suppose -70 = -3*c + 26. Let a = c + m. Let p(u) = -u + 4. Calculate p(a).
8
Let d(p) be the first derivative of p**4/4 + 2*p**3 + 9*p**2/2 - 216. What is d(-4)?
-4
Let x(u) be the third derivative of -u**6/120 + u**5/40 + 19*u**3/6 - 25*u**2. Let q(o) be the first derivative of x(o). Calculate q(2).
-6
Let s(v) = -v**2 + 8*v - 7. Let h(o) = 5*o**2 - 41*o + 36. Let k(x) = 2*h(x) + 11*s(x). Let t be 156/36 + -2 + 10/6. Determine k(t).
3
Let b(l) be the third derivative of 2*l**2 + 2/3*l**3 - 1/8*l**4 + 1/60*l**5 + 0 + 0*l. Suppose -c - 3 = -0*h - h, -3*c = 3*h - 15. Give b(h).
8
Let r(t) = -6*t**2 - 4*t - 2. Let i(x) = -7*x**2 - 5*x - 2. Let v(y) = 5*i(y) - 6*r(y). Suppose k = 3*k - 2*u + 4, 0 = -k + 3*u - 12. What is v(k)?
8
Let c(u) be the second derivative of -u**5/20 + 3*u**4/4 - 5*u**3/6 + 3*u**2/2 - 173*u + 2. What is c(9)?
-42
Suppose 3*i - 24 = -i. Let h(n) be the third derivative of 0 + 0*n - 5/24*n**4 - 1/6*n**3 - 1/120*n**6 - 3*n**2 + 7/60*n**5. What is h(i)?
5
Let p be 0 + (-2 + -4)/(-2). Let h(j) = 4 - p - 5*j**2 + 3*j + 4*j**2. Let y = -718 - -720. Give h(y).
3
Let j(w) = 3*w**2 + 2*w - 7. Let l(c) = 2*c**2 + c - 3. Let b(y) = 3*j(y) - 5*l(y). Suppose -3*g = -6*g. Calculate b(g).
-6
Let x(u) = -2*u**2 + 4*u - 8. Let f(h) = -h**2 + 3*h - 6. Let q(s) = -3*f(s) + 2*x(s). What is q(2)?
-4
Suppose -2*i + 5*r + 2 = 0, 3*i + 0 = 4*r + 3. Let n(g) = 33*g**2 + g. Calculate n(i).
34
Let f be -1*5 + 8 + 0. Let l(h) = -5*h**2 + h**2 + 9 + 3*h - 7 + 2*h**2. Calculate l(f).
-7
Let d(j) = -j**3 - 2*j**2 + 4*j - 4. Suppose 3*u - 3 = 21. Suppose -m = m + u. Determine d(m).
12
Let g = 33 + -26. Let c = g - 2. Suppose -7*a + 2*a - c*f = 60, -5*f + 3 = -4*a. Let x(i) = i + 8. Calculate x(a).
1
Let i(b) = -b + 9. Let u = 132 - 132. Give i(u).
9
Suppose 63 + 3 = 11*c. Let i(r) be the second derivative of 0 + 9/2*r**2 + 4*r - 5/12*r**4 + 1/20*r**5 - 7/6*r**3. What is i(c)?
3
Let o(d) be the second derivative of -d**3/6 + 3*d**2/2 - 111*d. Calculate o(-2).
5
Let z(c) = 30 - 12*c - 19*c + 68*c - 42*c. Give z(6).
0
Let q(f) = 0*f + 3*f**2 + f**2 - 5*f - f**3 - 6 + 1 + 2*f**2. Calculate q(5).
-5
Let m(s) = -16 - 2 + 4 + 2 + 2*s. Suppose -5*h - 276 = -316. Determine m(h).
4
Let z(d) = 3*d**3 + d**2 - 2. Let j(h) = -3*h**2 - 2*h + 1. Let w be j(0). Let r be (10 - 5)/w - 7. Determine z(r).
-22
Let i be (12/(-3))/(2/(-1)). Let t be i/4*(-2)/1. Let z(x) = -2*x - x**3 - 2*x**2 + 1 - 2 - x**3. Determine z(t).
1
Let z be (-66)/(-54) - 2/9. Let y(l) = 3*l + 0*l - z + l. Let h(a) = a**2 - a - 40. Let j be h(7). What is y(j)?
7
Let w(y) be the second derivative of 1/6*y**3 + 3/2*y**2 + 0 + 12*y + 1/12*y**4. Determine w(3).
15
Let d = 17 - 13. Let f(v) = -8*v + 5. Let c(y) = -7*y + 4. Let b(m) = d*c(m) - 3*f(m). Calculate b(1).
-3
Let t(b) be the second derivative of 2*b**3/3 + b**2 - 3*b. Let p be (9 - 10)*(2 - 0). What is t(p)?
-6
Let s(w) = -w + 12. Suppose 0 = -4*n + 8. Let a(d) = 17*d**2 - 9 + 3 - 16*d - 18*d**n. Let m be a(-15). Give s(m).
3
Let p(z) = 10*z + 7. Let h(x) = x + 7. Let a be h(-4). Let g(c) = 5 + 0 - a*c + 10*c. Let l(u) = -7*g(u) + 5*p(u). Give l(-7).
-7
Let k(c) = 2*c**2 + 19*c - 11. Let q be k(-10). Let f(x) = -x - 4. Let z be f(-6). Let m(u) = u + 16*u**z - 17*u**3 - 16*u**2. Determine m(q).
16
Let c(q) be the second derivative of -q**3/6 + q**2/2 - 30*q + 6. What is c(9)?
-8
Let l(x) be the third derivative of x**6/40 - x**5/30 + x**3/6 - 6*x**2. Suppose -5*c + 10 = 15. Determine l(c).
-4
Let g(f) = -f**3 - 7*f**2 - 8*f - 8. Let n be 0 - 0 - 0 - (-8 + 3). Suppose n*k - 24 = 9*k. Calculate g(k).
4
Let w(g) = -5*g - 1. Let u(o) = -5*o - 1. Let m(l) = -3*u(l) + 2*w(l). Calculate m(1).
6
Let j = 199/66 + -24/11. Let k(l) be the second derivative of 0 + 5*l + 5/12*l**4 + j*l**3 + 3*l**2 - 1/20*l**5. Give k(6).
0
Suppose 5*x - 63 + 23 = 0. Let l be (-6)/(-24) + (-10)/x. Let h(f) be the third derivative of f**5/15 - f**4/24 - 9*f**2. Calculate h(l).
5
Suppose -13 = -2*x - w, 4*x = 35*w - 34*w + 23. Let v(i) = i**3 - 8*i**2 + 7*i + 5. Calculate v(x).
-25
Let m(j) = -j**3 + 5*j**2 - j - 5. Let i(w) = w**3 - 10*w**2 + 17*w - 3. Let y be i(8). What is m(y)?
-10
Let q(k) be the first derivative of 2*k**3/3 + 11*k**2/2 - 235. Calculate q(-8).
40
Let x(q) = -q**3 - 2*q**2 + q - 2. Suppose -u - u - 4 = 0. Let d be x(u). Let w(s) be the third derivative of s**4/12 + 2*s**3/3 + 21*s**2. Give w(d).
-4
Let b(a) be the first derivative of -a**2/2 + 15*a + 91. Determine b(0).
15
Let i(y) be the first derivative of 4*y - 9 - 1/4*y**4 + 0*y**2 - 2*y**3. Suppose p - 21 = 5*n - 2*p, 0 = -4*n - 4*p - 36. Determine i(n).
4
Let s(d) = 244 + 2*d - 93 - 118. Determine s(-15).
3
Suppose 0 = 6*j + 13 + 23. Let v(y) be the first derivative of y**3/3 + 4*y**2 - y - 2. Let w(x) be the first derivative of v(x). Calculate w(j).
-4
Let i(u) be the first derivative of -u**4/4 - u**2/2 - u - 26. Let l be i(-1). Let c(h) = -3*h**3 - 2*h**2 + h. What is c(l)?
-4
Suppose 0 = 5*b + 2*u - 2, 4*b - 4*u - 26 = -b. Let l(w) = -3 + 4*w - 2*w - w**b + w - w. What is l(3)?
-6
Let w(r) = r**2 - 10*r - 2. Let h = 246 + -235. Give w(h).
9
Let b(s) = -s**2 - 4*s + 7. Let u be b(-5). Suppose u*c + 72 = 10*c. Let f(r) = r**2 - 9*r + 5. Give f(c).
5
Let p be 1/((5/(-6))/5). Let y(k) = -2*k**3 - 4*k**2 + 2. Let g be y(-2). Let d(c) = -8 + g*c**2 - 5*c**2 - 2*c - 4*c + 2*c**2. Give d(p).
-8
Let t(b) = -b**2 - 19*b - 8. Let o be t(-11). Let h be (o/(-5))/4 - -4. Let q(c) = c**2 - c + 10. Determine q(h).
10
Let k(q) = 2*q - 7. Let y = 34 - 27. Suppose 3*r - j - 23 = 0, r - 4 = 2*j + y. Determine k(r).
7
Let u(h) = h. Let j(q) = -3*q - 7. Let b(c) = -j(c) - 2*u(c). Let l be b(-3). Let w(t) = -t + 1. Let r(v) = -2*v - 2. Let y(i) = -r(i) - w(i). Calculate y(l).
13
Let o(h) = -6*h - 4. Let m(r) = r**2 - 11*r - 123. Let b be m(-7). Determine o(b).
-22
Let x = -9 - -11. Suppose x*b = 2*j - 6, -5*b + 23 = -b + 3*j. Let h(m) = 2*m**3 + 2*m + 3*m**3 + 4*m**3 - m**b - 1 - m. Calculate h(1).
8
Let u(d) be the first derivative of -d**2/2 - 1. Let g(i) = 2*i**3 - 20*i**2 + 8. Let v be g(10). Suppose -m - 4 = 3*j, -4*m + 27 = -5*j - v. What is u(m)?
-5
Let y(q) = q - 3. Let z(g) = -g**2 + 3*g - 5. Let l be z(2). Let t(o) = 3. Let b(c) = l*t(c) - 2*y(c). Determine b(-3).
3
Let z(o) = 463 - 462 + o - 2*o. Let y(c) = 4*c - 3. Let i(r) = -13*r + 10. Let w(u) = 2*i(u) + 7*y(u). Let l be w(2). Determine z(l).
-2
Let q(c) = 3*c**2 - 17*c + 7. Let t(v) = v**2 - 9*v + 4. Let r(z) = 2*q(z) - 5*t(z). Suppose -2*g + 4*y - 34 = 0, -11 + 8 = -y. Give r(g).
-6
Let x(l) = -7*l. Let a = -18 + 34. Suppose 204 = 10*p + 2*p. Let v = a - p. Give x(v).
7
Let c(h) = 1 - 3 - 1 - h + 5. Suppose -5*n + 15 = -0. Calculate c(n).
-1
Let l(y) = y**3 - 2*y**2 - y + 2. Suppose -x - 3 = -3*c - 1, -4*c + 9 = 5*x. What is l(c)?
0
Let b(q) = -30*q - 5. Let i(z) = -20*z - 3. Let h(s) = 5*b(s) - 8*i(s). Let v = -33 - -35. Let f(j) = -j**3 + 2*j**2 + 3*j - 5. Let n be f(v). What is h(n)?
9
Let k be 24/108 + (50/18 - 0). Let r(q) = -6*q + 3. Calculate r(k).
-15
Let s(v) = -v**3 + 8*v**2 - 8*v + 3. Let z = -39 + 57. Let c be (-20)/(-3) + 6/z. Determine s(c).
-4
Suppose -10 + 54 = -4*c. Let f be (36/10)/((-12)/30). Let v = f - c. Let i(b) = 3*b - 3. Determine i(v).
3
Suppose -4*f + 32 = -2*y, 0 = -y - 2*f + 4. Let z(o) = -7*o**2 - 3. Let i(r) = r**2 - r + 1. Let q(m) = 6*i(m) + z(m). Give q(y).
3
Let a(q) = q**3 + 2*q**2 + 3*q. Let g = 4 + -6. Let w(t) = 7*t + 3. Let u be w(g). Let b = -13 - u. What is a(b)?
-6
Let k(a) be the second derivative of a**5/20 - 7*a**4/3 - 61*a**3/6 + 